f(-5). Calculate z(h).
-3
Let c(b) = 16*b**2 - 56*b + 61. Let n(z) = 3*z**2 - 11*z + 12. Let l(t) = 2*c(t) - 11*n(t). What is l(8)?
-2
Let p(f) = -f**2 + 4*f + 3. Let w(m) = 0*m + 2*m**2 + 6*m - 3*m**2 - 2. Suppose 9*l - 12 = 7*l. Let g be w(l). What is p(g)?
-9
Let r(z) = 2*z - 1. Let n be (-3 - -1 - -2) + 20. Let v = n + -11. Suppose -3*h = -0 + v. Determine r(h).
-7
Let t = -14 + 9. Let g(a) = a**2 + 5*a + 2. Give g(t).
2
Let l(s) = -5*s**3 + s + 4. Let f(h) = 9*h**3 - 2*h - 9. Let t(n) = 4*f(n) + 9*l(n). Let j(d) = d**2 - 7*d + 5. Let p be j(6). What is t(p)?
8
Let j(q) = -q + 3*q**3 - 4*q**2 - 2*q**3 + 0*q**3 + 3 - 1. Give j(4).
-2
Let z = -1 + 2. Let j(w) = w**3 + 9*w**2 + 13*w. Let g(m) = m**3 + 5*m**2 + 7*m. Let d(x) = 11*g(x) - 6*j(x). Give d(z).
5
Let d = -11 + 12. Let l(m) = 3*m**2 - 4*m**2 + 5*m - d - 3. What is l(4)?
0
Let g be 0/(-2*1/2). Let z(b) = -7*b - b**3 + 5 + 2*b**2 + g*b**2 + 3*b**2. Suppose 0 = -x + 2*x - 4*f, -x - 2*f = -6. Give z(x).
-7
Let p(b) be the second derivative of b**5/20 - 5*b**4/12 + 2*b**3/3 - 2*b**2 - 4*b. Give p(3).
-10
Let q be 2 + 3 + 0 + -3. Suppose -l - 5*v + 25 = 0, 5*l - v + 7 - 2 = 0. Let w(r) = -2 - q + l + 2 + 2*r. Give w(3).
4
Let y(j) = j**2 + 6*j + 3. Let b be 2/((-12)/3)*-6. Suppose 31 - b = -2*q - 5*n, -3*q + 3*n = 0. Give y(q).
-5
Let v(h) = -2*h**3 - h**2 - 2*h - 1. Let c be v(-1). Let i(l) = -l**2 + 3*l - 3. What is i(c)?
-1
Let r(z) = z + 4. Let o(s) = -s**2. Let l(w) = -5*w**2 - 4*w + 3. Let p(d) = l(d) - 4*o(d). Let b be p(-4). What is r(b)?
7
Let p(k) be the third derivative of 3*k**6/40 - k**5/30 + k**4/24 - 12*k**2. Determine p(1).
8
Let f(c) be the second derivative of c**3/6 + 4*c**2 + 20*c + 2. Calculate f(6).
14
Let y(k) = k**2 - 4*k - 5. Let j(a) be the second derivative of -a**5/20 - a**4/6 - a**3/2 + 4*a. Let t be j(-2). Determine y(t).
7
Let a(u) = -u + 2. Suppose 4*q - w = -0*q + 37, -4*q + 5*w = -25. Suppose -2*m = -l - 3*l, 0 = -2*m - l - q. What is a(m)?
6
Let b(x) = -4*x**2 + 2*x + 2. Let s(l) = 9*l**2 - 5*l - 5. Let i(v) = 7*b(v) + 3*s(v). Calculate i(-3).
-7
Suppose -5*x - 1 = 14. Let d = x + 1. Let p(h) = -3*h**2 - h + 1. Let t(s) = -10*s**2 - 4*s + 3. Let j(m) = 7*p(m) - 2*t(m). Give j(d).
-5
Let f(o) = 2*o. Let v be (-4 - (-2 + -1))*5. Let i(c) = -c**2 - 7*c - 6. Let b be i(v). Suppose l - 4 = s + 2*s, -3*l = b*s + 1. What is f(l)?
2
Suppose 5*x + 4*h = -65, -5*x + 3*h - 5*h - 55 = 0. Let g be (-21)/(-9) - (-3)/x. Let d be 40/(-16) - g/4. Let t(y) = y**3 + 3*y**2 + 1. Give t(d).
1
Suppose 7 = 4*s - 3*p, 0*s + 2*s - 5*p - 21 = 0. Let w be (-2 - (-5 - s))*-6. Let v(x) = x**2 + 6*x - 7. What is v(w)?
-7
Let y(c) = c - 2. Let d be y(6). Let v(n) = 3*n - 1. Let u be v(3). Let m(z) = -u + 0 + z + 0. What is m(d)?
-4
Let c(n) = -3*n**2 + 14*n + 25. Let h(d) = -d**2 + 5*d + 8. Let r(q) = -2*c(q) + 7*h(q). Calculate r(7).
6
Let v(p) = p - 3. Suppose -4*m = k - 21, 4*k = -5*m + k + 21. Suppose 0 = m*t - t + 15. What is v(t)?
-6
Let k(n) = 2*n**2 - 4 - 3*n + 3*n**2 - 2*n**2 - 11*n**3 + 12*n**3. Let x be 18 - -1*(0 + 1). Suppose -3*d - 2*c = -3*c + 15, d = 5*c - x. Determine k(d).
-8
Suppose -39 = -4*h - 11. Let d(t) = 4*t**3 - 2 - 3*t**3 + h*t - 7*t**2 + 0. Suppose 2*f + 6 = 2*n, -4*n = -2*n - 4*f. Calculate d(n).
4
Let l(y) = 5*y**2 - 5*y - 2. Let c = -3 + 6. Let d(s) = 4*s**2 - 4*s - 2. Let b(p) = c*d(p) - 2*l(p). Give b(-2).
10
Let u = -2 - -5. Let s(x) = 3 + 2 + x**u - 4*x**2 - 7*x - x**2. Calculate s(6).
-1
Let j(o) = o**3 - 6*o**2 - 7*o + 8. Let x(t) = -t**3 + 2*t**2 + 5*t + 1. Let a be x(3). Determine j(a).
8
Let v(k) = -k**3 - k**2 + 4*k - 3. Suppose -2*r - 3*r + 35 = 0. Let i = -6 + r. Let u be (-2)/i - 4/(-1). Calculate v(u).
-7
Let p(u) be the first derivative of u**3/3 + 4*u**2 - 9*u + 5. Let m be p(-9). Let w(d) = -5*d + d + d**2 + 3*d + 10. Calculate w(m).
10
Let t(o) be the third derivative of 0 + 3*o**2 - 1/60*o**5 + 0*o**3 + 0*o - 1/24*o**4 - 1/120*o**6. Calculate t(0).
0
Let s(o) = -o**2 + 4*o - 3. Let n be 3 - (-1 - 4 - -3). Let r = n - 2. Calculate s(r).
0
Suppose 0 = 3*k - 2*x - 19, -3*k + x = -10 - 10. Let r(c) = c - 5. Let n(h) = 4*h - 19. Let t(z) = 2*n(z) - 9*r(z). Give t(k).
0
Let o(j) = -j - 1. Suppose -5*c = -d - 6, -5 + 1 = d - 4*c. Let b(l) = -l**2 + 5*l - 4. Let q be b(d). Determine o(q).
-1
Let b = -7 - -10. Let n(g) = 4*g**b - g**3 + 2*g**2 + 2 - 2*g**3 + 0. Give n(-3).
-7
Suppose 11 = 3*t - w, 3 - 17 = 3*t + 4*w. Let m(j) = -2*j**2 + j + 2. What is m(t)?
-4
Let r be (-5 + 4 + -10)/(-1). Let y(t) = -4 + r*t + 4*t - 10*t. Determine y(3).
11
Let q(c) = -c**2 + 2*c + 1. Let o = -4 - -5. Let f = o - -4. Suppose -3 = f*u - 18. Determine q(u).
-2
Let a(r) = r - 3. Let j be (-5)/(-2) + 2/4. Let y(p) = p - 7. Let i(n) = j*y(n) - 5*a(n). What is i(-5)?
4
Suppose 0 = -3*z - z + 12. Let j(w) = -w**2 - 2*w + 1. Determine j(z).
-14
Suppose -8*w + 17*w = -9. Let c(b) = -1. Let t(f) = -f - 3. Let j(o) = 4*c(o) - t(o). Give j(w).
-2
Let w(z) be the second derivative of -z**6/360 + z**5/40 + 5*z**4/24 + 4*z**3/3 - 5*z. Let b(i) be the second derivative of w(i). Give b(5).
-5
Let m(l) = -l - 12. Let i be m(-10). Let x(w) = 0 - 3 - 2*w - 2*w**2 + 0*w. Give x(i).
-7
Let p(q) = -q - 5. Let b = 17 - 20. Let u be ((-5)/2 - b)*0. Give p(u).
-5
Let u(f) = f**2 + 9*f - 14. Let l be u(-11). Let a(c) = -l*c + 15*c + 1 - 9*c. Give a(3).
-5
Let l(q) be the first derivative of 2 - q + 1/2*q**2. Calculate l(3).
2
Let k(q) = -2*q**3 - 2*q + 1. Let o(n) = n**2 - 1. Let f(z) = k(z) + 3*o(z). Determine f(2).
-10
Let h(g) = g**2 + 8*g - 4. Let j be h(-8). Let w(n) = -n**3 - 5*n**2 - 3*n - 5. Give w(j).
-9
Let l(s) = -s + 10. Let q be l(7). Let f(n) = 6*n**2 + n + q*n**2 - 2*n. Let d(t) = t**2 - 8*t + 13. Let y be d(6). What is f(y)?
8
Let d(i) = -3*i - 1. Let k be d(-1). Let t(a) = a + 0 - k*a - 2*a - 2. Determine t(-3).
7
Let s(w) = 4*w. Let x(c) = -5*c - 1. Let l(z) = 4*s(z) + 3*x(z). Determine l(6).
3
Let s(y) be the third derivative of y**4/24 - y**3/3 - 4*y**2. Suppose 4*z = 16, 6*c - c = 5*z - 5. What is s(c)?
1
Let l(p) = 6*p + 10*p**3 - 2 + 5 - p**3 + 7*p**2 - 8*p**3. Calculate l(-6).
3
Let o(x) = 11*x**3 + x**2 - 7*x - 12. Let k(d) = 5*d**3 + d**2 - 4*d - 6. Let w(v) = 9*k(v) - 4*o(v). Calculate w(-6).
6
Suppose -j = -8 + 1. Let a(x) = 3*x + 9. Let v(y) = 2*y + 8. Let b(s) = 3*a(s) - 4*v(s). What is b(j)?
2
Let g(q) = 10*q**3 + 1. Suppose 0 = 4*b - 3*u + 10, 0 = -2*b + 4*u - 10. Determine g(b).
-9
Suppose r - 17 = -5*q - 3*r, -2*q + 2*r = -14. Let k(y) = y - 3. What is k(q)?
2
Let n(g) = 2*g. Suppose 2*z - 6*z = 0. Suppose 0 = -5*p - 15, z*r - 2*p = -3*r + 12. Suppose 0 = 5*l + r - 7. What is n(l)?
2
Let r(n) be the second derivative of n**3/3 - n**2/2 + 2*n. Suppose -c + 4 = 1. Let j be 1/(1 + c/(-4)). Give r(j).
7
Let s be 7*(-1 + (-9)/(-7)). Let u(t) = 2 + 3*t**2 + t**s - 2*t - 2 - 2*t**3. What is u(2)?
-4
Suppose -7*c + 10 = -2*c. Let g(r) be the third derivative of -1/120*r**6 + 0*r**4 + c*r**2 + 0*r + 1/60*r**5 + 0 - 7/6*r**3. Give g(0).
-7
Let j(u) be the first derivative of u**5/30 + u**4/12 - u**3/3 + 2*u**2 + 4. Let c(a) be the second derivative of j(a). Give c(2).
10
Let m(b) = -5*b**3 - b**2 - b**2 - 3*b**3 + 4*b**2 + b. Let s be (-2 - -1)*(2 - 1). Let g be (s - -2)*(0 + -1). Determine m(g).
9
Let f(w) = w**3 + 3*w**2 + 2*w + 2. Let n be f(-2). Let z(c) = 6 - 5*c + 4*c**n - 7 + 6 + c**3. Give z(-5).
5
Let j(g) be the third derivative of g**5/60 - g**4/4 + g**3/6 - 8*g**2. What is j(5)?
-4
Let v(f) = 21*f**2 - 5*f**3 + 4 - 5*f - 16*f**2 + 4*f**3. What is v(4)?
0
Suppose 1 + 17 = 3*h. Let j(o) = -o - 1. Let c(m) = 5*m + 4. Let y(w) = h*j(w) + c(w). Give y(5).
-7
Suppose 4*d - 6 = 2*d. Let k(z) = 2*z**3 - z**2 + 3*z + 7. Let j(n) = 3*n**3 - n**2 + 4*n + 8. Let q(y) = d*j(y) - 4*k(y). Suppose 0*a = a. Give q(a).
-4
Suppose -3*x = -x - 8. Let g be -3 + (-3 - 0/x). Let q(r) = -2*r - 5. Determine q(g).
7
Let q be 0 - (-1 + (-3)/3). Let k(j) = -4*j**2 - 3 + 3*j - j**3 + 3*j**2 + 2*j**q. Determine k(2).
-1
Let x(k) = k**3 - 13*k**2 - 13*k - 14. Let b be x(14). Let m(u) = b*u**2 - 4 + 0*u + 5*u**2 - 2*u - 2*u - u**3. What is m(4)?
-4
Let q(k) = 17*k + 20. Let z(n) = -6*n - 7. Let x(s) = 4*q(s) + 11*z(s). Suppose -3*j + 9 = -3*r, -j + 2 = 2*r + 11. Give x(r).
-5
S